what is 100111001000011111010011100 - 100?
100111001000011111010011000
In base 8, what is 667557 - 312?
667245
In base 16, what is 1 + -cc667?
-cc666
In base 16, what is c17aab + 1?
c17aac
In base 9, what is -61638 - 73?
-61722
In base 10, what is -11 + 1187205?
1187194
In base 12, what is -4 - -166b09?
166b05
In base 5, what is -300442 + -22023?
-323020
In base 12, what is 51 - 307587?
-307536
In base 10, what is 3403 - 7923?
-4520
In base 11, what is 12 + 131963?
131975
In base 13, what is 1898cc20 - -3?
1898cc23
In base 6, what is -203044220 - -33?
-203044143
In base 8, what is 2 + -10144765?
-10144763
In base 11, what is -98 + 917?
82a
In base 2, what is -10001010000110011011100100 + 11?
-10001010000110011011100001
In base 7, what is 4 - -1452530034?
1452530041
In base 2, what is -100001100101100 + 10010110?
-100001010010110
In base 12, what is -75497a + 1?
-754979
In base 9, what is -24 - 3546676?
-3546711
In base 12, what is 1 + 29858329?
2985832a
In base 6, what is 3235542 + -244?
3235254
In base 8, what is 14475 + -7710?
4565
In base 7, what is -6646 - 5433?
-15412
In base 6, what is 2314322 + -5151?
2305131
In base 6, what is -5 - -50350422?
50350413
In base 3, what is 21022112 + 10022?
21102211
In base 14, what is -9ab + 7725?
6b58
In base 2, what is 101011111 + 100000?
101111111
In base 13, what is 5 - -172bb1?
172bb6
In base 10, what is 2064 + -1471?
593
In base 6, what is -114003101 + 30?
-114003031
In base 13, what is -10325c12 + 0?
-10325c12
In base 8, what is -53 - 3351405?
-3351460
In base 5, what is -102440 + -21201?
-124141
In base 11, what is -2a81244 + -27?
-2a81270
In base 11, what is 16239a310 + 3?
16239a313
In base 6, what is -2 - -15321432224?
15321432222
In base 6, what is 5 - 5134411520?
-5134411511
In base 15, what is 0 - ed20c?
-ed20c
In base 8, what is 4664 + -447700?
-443014
In base 2, what is -111000 - 10010110011100110?
-10010110100011110
In base 15, what is -245d417c - -2?
-245d417a
In base 10, what is -57800 + 23284?
-34516
In base 5, what is -131 - 21044311?
-21044442
In base 11, what is -5980710 - 6?
-5980716
In base 8, what is -1344460 + 75?
-1344363
In base 13, what is -1158375 - 0?
-1158375
In base 12, what is 1a5b0 - -1b5?
1a7a5
In base 8, what is -5254070 + -2?
-5254072
In base 9, what is -84162 - 27?
-84200
In base 6, what is 204430 + -35404?
125022
In base 4, what is -102 - -103032011?
103031303
In base 13, what is -3 - -4b01271?
4b0126b
In base 7, what is 1366154432 + 0?
1366154432
In base 2, what is 100100000111100 - 1011101011100?
11000011100000
In base 14, what is -3606a + 1cd9?
-34171
In base 11, what is -69 + -1473511?
-147357a
In base 16, what is a + -612dc6?
-612dbc
In base 9, what is 410 - -57455?
57865
In base 11, what is -323565 + 9?
-323557
In base 9, what is -72 - 25765?
-25847
In base 8, what is -2 + -23025705?
-23025707
In base 11, what is -1 + 180773?
180772
In base 10, what is 12131 + -38061?
-25930
In base 11, what is -4 + 7320655?
7320651
In base 4, what is 12 - -2300032300020?
2300032300032
In base 16, what is -13444b + -17?
-134462
In base 12, what is -b2 - -1046?
b54
In base 11, what is 61588 - 195?
613a3
In base 7, what is -23 - -133323234?
133323211
In base 2, what is -10 - -11100011110001?
11100011101111
In base 2, what is -1101101010 - 110000100011?
-111110001101
In base 6, what is -1010342 + -12342?
-1023124
In base 15, what is -1 - e08b52c?
-e08b52d
In base 8, what is -46 - -1704210?
1704142
In base 16, what is 2 - 12705d5?
-12705d3
In base 14, what is 41 - 67b85?
-67b44
In base 10, what is -2151489 - 245?
-2151734
In base 15, what is 7d63c16 - -4?
7d63c1a
In base 4, what is 120133020323 + -3?
120133020320
In base 3, what is -1002 + -112022201112?
-112022202121
In base 14, what is 0 - -12579c7a?
12579c7a
In base 9, what is 8687045 + 327?
8687373
In base 2, what is 1010111 + 1110010001110110?
1110010011001101
In base 15, what is 1be - 1c8d?
-1abe
In base 15, what is -3 + -baab96?
-baab99
In base 2, what is 11111011 - 101011101100?
-100111110001
In base 4, what is -2121122112 - -200?
-2121121312
In base 8, what is -171763 - 7?
-171772
In base 10, what is 2875 - -130598?
133473
In base 15, what is a6b8d16d + 0?
a6b8d16d
In base 4, what is -213321310301133 + -1?
-213321310301200
In base 14, what is -992a - 324?
-9c50
In base 11, what is 47 - 913a71?
-913a25
In base 13, what is -11 - 1194bc5?
-1194c06
In base 16, what is 3 - 1233b3a9?
-1233b3a6
In base 4, what is 230302212232 - 223?
230302212003
In base 11, what is -15839129 + 37?
-158390a2
In base 4, what is 10332121 + -120310?
10211211
In base 15, what is -73c3b - 7?
-73c43
In base 8, what is 7667657 + -11?
7667646
In base 15, what is 2e4 - -dad2?
ddc6
In base 6, what is 2315152325 + 0?
2315152325
In base 6, what is 0 - 414204311?
-414204311
In base 10, what is 184 + 268464?
268648
In base 11, what is -808218a - 23?
-8082202
In base 6, what is 2251313525 + -20?
2251313505
In base 11, what is 235323 + -64?
23526a
In base 3, what is 11 - 102021011112?
-102021011101
In base 9, what is 31003 - 726?
30166
In base 2, what is -11110100100001010011001100 + -1?
-11110100100001010011001101
In base 5, what is 104213314 - -13304?
104232123
In base 8, what is -2 + 1025275700?
1025275676
In base 11, what is 1a + 61822?
61841
In base 11, what is -2006 + -2944?
-494a
In base 2, what is -111001110101110101110110 - 100?
-111001110101110101111010
In base 11, what is 551 + -4a3408?
-4a2967
In base 11, what is 812 - -30024?
30836
In base 5, what is 23431414234 + 2?
23431414241
In base 16, what is -7 + -7efda6?
-7efdad
In base 4, what is -10 + -3210211303002?
-3210211303012
In base 7, what is 0 + 612154105?
612154105
In base 13, what is 0 + 157073a0?
157073a0
In base 4, what is -321013212220 + 13?
-321013212201
In base 4, what is 331223100030 - 2?
331223100022
In base 10, what is 13 + -349948?
-349935
In base 7, what is -606 + 31455062?
31454153
In base 16, what is e0 + 62a?
70a
In base 12, what is 4 + -5a87b46?
-5a87b42
In base 4, what is 11033223021011 - -11?
11033223021022
In base 13, what is -524a5b9 + 3?
-524a5b6
In base 9, what is 3 - -62384056?
62384060
In base 3, what is 110 - 1110022221200?
-1110022221020
In base 9, what is -38374 - -38?
-38335
In base 4, what is 1 - 311132233311?
-311132233310
In base 16, what is 76 - 7a4ff?
-7a489
In base 2, what is -100000110111101001 + 1111101100110?
-11110111010000011
In base 16, what is -1af8f0 - 32?
-1af922
In base 12, what is -4389 + 288b?
-16ba
In base 3, what is 1220 - -110102211200?
110102220120
In base 5, what is 1 + 213334243?
213334244
In base 7, what is -21223 + -232550?
-254103
In base 7, what is 6430 - -365221?
404651
In base 14, what is 0 + 3974746?
3974746
In base 4, what is 2101102032201 - 3?
2101102032132
In base 8, what is 143526311 + 4?
143526315
In base 16, what is 3f87 - -350?
42d7
In base 8, what is 4 + -377231212?
-377231206
In base 9, what is 33207 - 344?
32753
In base 10, what is -1 + 13383249?
13383248
In base 10, what is 1504581 - -378?
1504959
In base 9, what is -13738 - 187763?
-212612
In base 13, what is 271 + -a4736?
-a4495
In base 11, what is 42662 - -1?
42663
In base 10, what is 3972255 + -4?
3972251
In base 13, what is 9c43b + 29?
9c467
In base 14, what is -2 + 25a7ada?
25a7ad8
In base 16, what is 3 - 18a6b2f?
-18a6b2c
In base 5, what is 131402 + -14003?
112344
In base 16, what is -16da20 + 1?
-16da1f
In base 10, what is 942433 + 19?
942452
In base 8, what is -1204701 + 1361?
-1203320
In base 10, what is 4 + 3571039?
3571043
In base 7, what is 242 - 402436?
-402164
In base 12, what is -11a314 - 36?
-11a34a
In base 3, what is -212111200100100 - -2?
-212111200100021
In base 2, what is 1 + 110001000000111100100?
110001000000111100101
In base 15, what is -2229ac + 46?
-222966
In base 10, what is -31638 + -3656?
-35294
In base 10, what is -2929 + 6871?
3942
In base 7, what is -152012 - 461?
-152503
In base 15, what is 2a1905 + -1?
2a1904
In base 11, what is 51421497 - 0?
51421497
In base 12, what is 14 + -168169b2?
-1681699a
In base 4, what is 102 + 23223110021?
23223110123
In base 11, what is 38 + -4544a99?
-4544a61
In base 7, what is 1512453320 + -10?
1512453310
In base 6, what is 2051140521 + 23?
2051140544
In base 14, what is 20 + -919c?
-917c
In base 16, what is 